 r.
17
Let a = 39 + -12. What is the remainder when 105 is divided by a?
24
Let i = 63 + -43. Suppose -55 = -5*h + 7*n - 3*n, 0 = 5*n. What is the remainder when i is divided by h?
9
Let d = -22 + 16. What is the remainder when 4/d*(-18)/4 is divided by 1/2*(-4)/(-1)?
1
Let x(k) = 4*k - 5. Let g = 4 - 0. What is the remainder when x(g) is divided by 7?
4
Suppose 0 = -h - 3*w + 13, -3*w + 6*w - 3 = 0. Let d = h - 1. Calculate the remainder when 25 is divided by d.
7
Let o be (8 - 2) + (-9)/3. Let j = o - 0. Suppose -5*q - 3*k = -q - 22, 27 = j*q - 3*k. Calculate the remainder when 25 is divided by q.
4
Let y(h) = -29*h + 2. Let j(o) = 57*o - 3. Let d(s) = -3*j(s) - 5*y(s). Calculate the remainder when d(-1) is divided by 13.
12
Suppose -2*h + 3*h = -44. Let s = 65 + h. Suppose -5*y + 32 + 23 = 0. What is the remainder when s is divided by y?
10
Let t = -196 - -327. Calculate the remainder when t is divided by 12.
11
Suppose -c + 3*c = 4*a - 12, 3*a + 27 = -3*c. Let t = c - -7. Calculate the remainder when ((-82)/2 + -2)*t is divided by 22.
21
Suppose -7*n - 84 = -3*n. What is the remainder when 8 is divided by (n/(-6))/7*10?
3
Let i(b) = b**2 - 7*b - 1. Let x = 12 + -4. Calculate the remainder when i(x) is divided by 3.
1
Let t(y) = y**3 - 10*y**2 - 3*y - 12. Calculate the remainder when t(11) is divided by 7.
6
Let u(h) = 3*h + 2*h + 0*h**3 - 7*h**2 + h**3 + 3 + 14*h**2. Let k be u(-5). Let c = k - 6. Calculate the remainder when c is divided by 12.
10
Calculate the remainder when 19 is divided by ((-4)/(-8))/(1/2)*11.
8
Let m = 2 + -8. Let p be (-18)/m*20/(-3). Calculate the remainder when (p - -7)*(-4 + 1) is divided by 10.
9
Let x = 86 + -83. What is the remainder when 9 - 1*(-2 + 1) is divided by x?
1
Let t = 23 - 10. Calculate the remainder when t is divided by (2 - 3) + (-5)/(-1).
1
Let h = -33 + 39. What is the remainder when h is divided by 5?
1
Suppose -2*n + 6*n = 12. Calculate the remainder when n is divided by 2.
1
What is the remainder when 52 is divided by 27 + -1 + -3 + 4?
25
What is the remainder when 122 is divided by (-2)/((-9)/((-1107)/(-6)))?
40
Let t(y) = -7*y + 4. Let f be t(8). Let o = f + 20. Let c = -19 - o. Calculate the remainder when 37 is divided by c.
11
Let k(n) = n + 9. What is the remainder when 17 is divided by k(-3)?
5
Let g = -5 - -8. Suppose g*n - 5 = 22. What is the remainder when 26 is divided by n?
8
Suppose 0*v = z - 5*v + 14, -5*z + 4*v - 28 = 0. Let p = 15 - z. What is the remainder when 37 is divided by p?
18
Suppose -7*l + 35 = -6*l. Suppose -4*d = d - l. Calculate the remainder when 25 is divided by d.
4
Let k = 51 - 48. What is the remainder when 10 is divided by k?
1
Let i be 2/6 - 48/(-18). Let w(z) = -3*z**2 + z + 6. Let x(q) = 1. Let s(n) = -w(n) + 4*x(n). What is the remainder when s(i) is divided by 8?
6
Let c be ((-2)/(-4))/((-1)/(-40)). Suppose w - c = -4. Calculate the remainder when 30 is divided by w.
14
Suppose 3*c - 377 = -5*z, -4*c + 3*c - 215 = -3*z. Let q = z + -49. Suppose 3*u + 18 = 5*u. What is the remainder when q is divided by u?
6
Let d = 89 - 61. What is the remainder when 15 is divided by 259/d - 2/8?
6
Let f(r) = r**3 + 6*r**2 - 9*r + 6. Let d be (-4 - -2)/((-8)/(-28)). What is the remainder when f(d) is divided by 7?
6
Let o = 36 + -23. Suppose -85 + o = -2*r. What is the remainder when r is divided by 19?
17
Let o = 3 - -7. Suppose 3*w - 4*x + 34 = 0, 5*w + 5*x + 0 = -o. What is the remainder when (-11 + w/2)/(-1) is divided by 5?
4
Let m(l) = 16*l - 5. What is the remainder when m(7) is divided by 27?
26
Let v(q) = 4*q**2 + 2*q - 6. What is the remainder when 53 is divided by v(2)?
11
Suppose 32 = 5*i - 3*b, -3*b + 4 = 2*i - 2*b. Suppose -2*r = 3*o - 52, i*r = -4*o + 3 + 65. What is the remainder when 34 is divided by o?
16
Suppose 145 = 5*v + 40. What is the remainder when 41 is divided by v?
20
Suppose -5*c + 103 = 28. Calculate the remainder when 27 is divided by c.
12
Let h(z) = z**2 - 8*z - 6. What is the remainder when h(12) is divided by 11?
9
Suppose 2*x - 5*z - 26 = 0, z = 5*x - 5 - 14. Let y(j) = 4*j**2 - 2*j + 3. Calculate the remainder when 96 is divided by y(x).
30
Let r be 14/(-35) + (-44)/(-10). Suppose 2*h + r*c - 30 = 0, -3*c + 26 + 34 = 4*h. What is the remainder when h is divided by 9?
6
Let b = -3 - -7. Calculate the remainder when 13 is divided by b.
1
Suppose 9*l + 842 = 2237. Calculate the remainder when l is divided by 39.
38
Suppose 2*r - 7*r - b = -25, -5*r - 5*b = -5. Suppose 2*l + 1 = 5. Suppose u = l*j - 37, -5*j + 0*j - 4*u = -60. What is the remainder when j is divided by r?
4
Suppose -286*k - 276 = -290*k. Let b(c) = -c**3 + 5*c**2 + 3*c + 3. Calculate the remainder when k is divided by b(5).
15
Suppose -5*v = -306 - 184. Suppose 8 - v = -5*q. Calculate the remainder when q is divided by 5.
3
Suppose 2*t + 3*n - 78 = 0, -119 = -3*t - 9*n + 4*n. Calculate the remainder when t is divided by 9.
6
Let o = 21 - 13. What is the remainder when 30 is divided by o?
6
Suppose -2*p - 3*x + 35 = -10, -2*p + 33 = -x. Let u(c) = c**2 - 15*c - 49. What is the remainder when p is divided by u(18)?
3
Suppose 5*n = -2*w + 169, 2*w + 3*n - 4*n - 139 = 0. Let p = 398 + -383. Calculate the remainder when w is divided by p.
12
Let d(i) = i**2 + 34*i + 44. What is the remainder when d(-34) is divided by 4?
0
Suppose -n + 2*q + 1 = 0, 0*q + 19 = -5*n - 2*q. What is the remainder when 56 is divided by 19/3*(n + 6)?
18
Let u(c) = 9*c - 8. Let a be 2/5 - 56/(-10). Suppose 4*d = 33 + 31. Calculate the remainder when u(a) is divided by d.
14
Let f be ((-10)/(-15))/((-2)/129). Let y = f + 87. Calculate the remainder when y is divided by 15.
14
Suppose q = 4*q - 78. What is the remainder when q is divided by 7?
5
Let z = -12 + 16. Let t = 18 - 13. Suppose -t*m + 31 = -2*n, m + 5 = -4*n - 2. Calculate the remainder when m is divided by z.
1
Let z(v) = v**3 - 8*v**2 - 18*v + 5. What is the remainder when 73 is divided by z(10)?
23
Let i(v) = 15*v - 5. Calculate the remainder when 36 is divided by i(1).
6
Suppose -10*b + 65 = -5*b. Calculate the remainder when 21 is divided by b.
8
Suppose 3*h - 15 = 0, 2*h - 1 = 2*t - 3. Calculate the remainder when 13 is divided by t.
1
Suppose -4*f + 15 = -9. Calculate the remainder when 3/f*-2 + 6 is divided by 4.
1
Suppose -22*r + 23*r - 67 = 0. What is the remainder when r is divided by 21?
4
Let h = 43 - 4. What is the remainder when h is divided by 15?
9
Calculate the remainder when ((-4)/(-6))/(6/135) is divided by 6.
3
Suppose 0 = 2*x, -2*y + x + 30 = -3*x. Let a(g) = -g**3 - 10*g**2 - 11*g + 11. Calculate the remainder when a(-9) is divided by y.
14
Let r(q) = 24*q + 8. Let p be r(5). Suppose -6*a + 4*a = -p. Calculate the remainder when a is divided by 17.
13
Suppose -108 = -4*z + 2*k + 3*k, 2*k - 36 = -2*z. Let p = 34 - z. Let a(g) = 3*g**2 + 7*g + 6. What is the remainder when a(-5) is divided by p?
10
What is the remainder when 125 is divided by 24/15*(1 - -19)?
29
Let m(f) = 3*f**2 - 2*f - 2. Let c be m(-1). Calculate the remainder when 13 is divided by (2 - 5/c)*24.
5
Suppose -a + 45 = s, 0 = s + 3*a - 0*a - 41. Let u be (-15 - -6)*4/(-6). Calculate the remainder when s is divided by 32/u*(11 - 8).
15
Let h = -64 - -91. Suppose -36 = -5*i + 14. What is the remainder when h is divided by i?
7
Let z = 0 - -5. Suppose j + 140 = z*j. Calculate the remainder when j is divided by 12.
11
Let w = 131 + -51. What is the remainder when w is divided by 21?
17
Suppose -5 - 19 = -y. Let l be -2 - 2/((-4)/14). Suppose -l*m = -46 - y. Calculate the remainder when m is divided by 8.
6
Let j = -3 - -3. Suppose u + u - 6 = j. Suppose u = x - 0. What is the remainder when 8 is divided by x?
2
Calculate the remainder when (16/6 + 0)*(-189)/(-18) is divided by 6.
4
Let w = 25 - 15. Let d = w + 4. Let f(p) = 2*p**2 + 5*p - 16. Calculate the remainder when f(-6) is divided by d.
12
What is the remainder when 12 is divided by -15*((-20)/15 - -1)?
2
Let k = 25 - 15. Calculate the remainder when k is divided by 3.
1
Suppose -4*o + 453 = 5*r, 2*r + 3*r + 3*o = 456. Suppose 11 - r = -z. Calculate the remainder when z is divided by 28.
26
Suppose 3*m + 5*z + 8 = -0*z, -m + 4*z = -20. Suppose -5*j + 2*p + 53 = -0*j, -m*p = 16. Calculate the remai